late y(p).
-2
Suppose -4*v = -s - 2 + 19, -3*s - 3*v = 9. Let q(g) = -4 + 8*g - 7*g - s. Determine q(0).
-5
Let v = -1 + 4. Let r(f) be the second derivative of -f**5/30 + f**4/8 + f**3/2 + f**2 - 4*f. Let n(o) be the first derivative of r(o). Determine n(v).
-6
Let m = -7 - -12. Suppose -2*n = 4*r - 24, -r - m*n = 2*r - 32. Let o(c) = c**3 - r - c + 2 + 5*c**2 - c**2. What is o(-2)?
8
Let s be (-2 + 26)*1/2. Let n be (s/(-10))/((-9)/30). Let k(l) = 2*l + l - n*l. What is k(-4)?
4
Let m(b) = -b**3 - 2*b**2 + 3*b + 3. Suppose -3*l + 17 = -4*f, 2*f + 2 = -2*l - 2*f. Let s be l*((-4)/6 - 0). Calculate m(s).
-3
Suppose 16 + 9 = -5*s. Let b(o) = -o**3 - 5*o**2 + o + 4. Let r be b(s). Let h(k) = k**2 + 1 + 0*k**2 + k + 0*k**2. Give h(r).
1
Suppose 0 = -2*x - 3*f + 21, 0*f + 40 = 5*x + 5*f. Suppose v = 2*v - x, 0 = -s - 5*v + 20. Let m(a) = a**3 - 6*a**2 + 5*a - 7. Calculate m(s).
-7
Let j(m) = 16*m**3 + 4*m**2 - 17*m + 13. Let d(u) = -4*u**3 - u**2 + 4*u - 3. Suppose 5*w = -0*w - 10. Let x(p) = w*j(p) - 9*d(p). What is x(1)?
4
Let t(n) = n**2 + 2*n - 4. Let k(f) = -f**2 + 22. Let w be k(5). Determine t(w).
-1
Suppose 3*q + 5 = 11. Let t(i) = -i**3 + 4*i**2 - 2*i - 2. Let n be t(q). Let y(c) = -c**2 - 6 + 2 + 3. Give y(n).
-5
Let a(r) = 1. Let l(p) = p - 5. Suppose h + 1 = c + 2, -5*c - 9 = -h. Let x be (c/(-2))/(2/(-8)). Let g(d) = x*a(d) - l(d). What is g(0)?
1
Let z(r) = -4*r**2 + 3*r**2 - 3 + 1 - 6*r. Suppose -3*t = -2*t. Suppose 5*m - 4 + 19 = t. Calculate z(m).
7
Let q = -74 - -74. Let i(d) = d - 6. Calculate i(q).
-6
Let j(p) = p**3 - p**2 + 3*p - 1. Let i(q) = q**3 - q**2 + 4*q. Let o(y) = -4*i(y) + 5*j(y). Suppose 6*a - 3*a = 0. Give o(a).
-5
Let f(x) = -x - 2. Let b = -25 + 31. Let n(z) = -z + 6. Let r be n(0). Let g = b - r. What is f(g)?
-2
Suppose -4 = -q - 0*q. Suppose 13 = -q*y - 3*t - 13, 4*t - 12 = 4*y. Let c(h) = h + 5. Give c(y).
0
Suppose -5*q + 4*p = 32, -4*q - 10 = 5*p - 3*p. Let f(y) = y**2 + 4*y - 4. What is f(q)?
-4
Let r(u) = u**2 - u - 1. Let a(o) = 2*o**2 - 3*o - 1. Let v(f) = -a(f) + 3*r(f). Calculate v(-2).
2
Suppose 0 = 3*a - 4*m - 2, 3*a - 8*a = m - 11. Let x(c) = 1 + 4 - 2 + c**a - 7*c. What is x(6)?
-3
Suppose 25 = -3*a + 31. Let y(l) be the second derivative of l**a - 3*l + 0 + 1/2*l**3 + 1/12*l**4. What is y(-3)?
2
Let m = -20 + 15. Let p(u) = 3*u. Calculate p(m).
-15
Let a(v) = -11*v. Let u(h) = h**3 - 12*h**2 + 2*h - 25. Let t be u(12). What is a(t)?
11
Let t(v) = v**3 - v**2 + v + 7. Let c be 0 + 0 + 7 + -4. Suppose -3*m + b = -3, -6*m + 5*b + 15 = -c*m. Determine t(m).
7
Suppose 2*g - 12 = z - 2*g, 4*z - 2*g = 8. Let m = z + -5. Let u(r) = 2*r**2 - 5*r + 1. Let k(l) = -l. Let f(w) = -6*k(w) + u(w). Give f(m).
2
Let s(x) = -x**2 - 5*x + 1. Suppose 132 - 42 = -15*h. Determine s(h).
-5
Let x(w) be the third derivative of -1/6*w**3 + 3*w**2 + 0*w + 0 - 3/8*w**4. Give x(-1).
8
Let q(l) be the first derivative of l**3/3 + 5*l**2/2 + 2*l + 1. Suppose -s - 9 = -6*z + 4*z, 5*s + 21 = 2*z. Suppose -4*h = z + 9. Give q(h).
-4
Let w(u) = -5*u + 8. Let n(o) = 4*o - 7. Let m(f) = -6*n(f) - 5*w(f). Determine m(-3).
-1
Let i(d) = -2*d**2 + d**2 - 1 + d + 7*d**2. Let y = -57 - -58. What is i(y)?
6
Let m(d) = -3*d + 3. Let i(v) = -v**2 + 12*v + 19. Let l be i(13). What is m(l)?
-15
Suppose -13 = 3*j - 28. Let x(m) = -3*m + 6. Calculate x(j).
-9
Let c(d) be the third derivative of -5*d**2 + 1/6*d**4 + 0*d - 1/6*d**3 + 0. What is c(2)?
7
Let d(z) = z**2 + 4*z + 2. Let c be d(-4). Let k(j) = 4*j**c - 6*j**2 + 0*j**2 - j**2 + 3 + 2*j. Determine k(-2).
-13
Let p = 4 + -4. Suppose 3*x = -5 + 14, p = -2*i - 4*x + 16. Let g(d) be the first derivative of d**4/4 + d**3/3 - 2. Give g(i).
12
Let w(u) be the second derivative of 0 + 1/6*u**3 + u**2 - u. Give w(4).
6
Let k(i) = i**3 + 4*i**2 - 4*i + 3. Suppose 0 = 5*s + 2*o - 5 - 3, 4*s = -4*o + 4. Give k(s).
19
Suppose s = -s - 14. Let r(o) = o**3 + 8*o**2 + 5*o - 8. What is r(s)?
6
Let g(t) = t. Let f(k) be the first derivative of 2*k**2 - 2*k - 1. Let j(a) = -f(a) + 5*g(a). Let b be j(-1). Let z(x) = -7*x**3 + x. What is z(b)?
-6
Let u(d) = -d**3 - d**2 - d. Let t(m) = -10*m**3 - 3*m**2 - 3*m - 1. Let s(f) = t(f) - 2*u(f). Let q be (-1 + 2)*2/(-2). Give s(q).
7
Let u = -1 - -2. Let o(s) be the third derivative of s**6/360 + s**5/120 + s**3/2 - 2*s**2. Let q(f) be the first derivative of o(f). Determine q(u).
2
Let j(y) = -4*y - 26. Let f be j(-5). Let a(t) = 0*t - 2*t - 2 - 3. Determine a(f).
7
Let f = -80 + 86. Let l(i) = i**3 - 5*i**2 - 7*i. What is l(f)?
-6
Let p(n) = -3*n**3 + 16*n**2 + 9*n - 21. Let s(b) = b**3 - 8*b**2 - 5*b + 10. Let i(l) = -2*p(l) - 5*s(l). Let t be -3*(5/(-3) - -4). Give i(t).
-8
Let w(q) = 4*q**3. Let x(u) = -15*u - 2. Let z be x(1). Let o = 18 + z. What is w(o)?
4
Let s = -117 + 119. Let p(g) = -3*g**2 + 3*g. Determine p(s).
-6
Let t(x) = -3*x**3 - 2*x**2 - 2*x + 1. Let r(d) = -13*d**3 - 7*d**2 - 9*d + 3. Let o(f) = -2*r(f) + 9*t(f). Calculate o(-3).
-6
Let n(s) = 2*s**3 - s**2 - s. Let t be 1 + 0 + 1 + -3. Let b = t - -2. Let z = 0 - b. Determine n(z).
-2
Let y(o) be the first derivative of -9*o**4/2 - 2*o**3/3 + o - 13. Calculate y(1).
-19
Let t(n) = 3*n**3 + 2 - 2*n**3 - 54*n**2 + 3 + 49*n**2 - 8*n. Give t(6).
-7
Let u(q) = q + 6. Let a(r) = -r**3 - 2*r**2 + 2*r + 2. Let y be 6/15 + (-12)/5. Let t be a(y). Let d be (7 + -7)*t/(-6). Calculate u(d).
6
Let u(f) be the first derivative of 1/8*f**4 + 3 + 1/360*f**6 + 7/120*f**5 + 0*f + 0*f**2 - 2/3*f**3. Let p(q) be the third derivative of u(q). What is p(-5)?
-7
Let o(s) be the first derivative of -s**4/4 + 4*s**3/3 + 5*s**2/2 + 4*s - 1. Suppose h + u - 17 = -16, 3*h - 4*u = 31. Give o(h).
4
Let o(g) = 2*g. Let i be o(1). Let r = 6 - 4. Let b(s) = -r*s - 2*s**2 + 3*s + 4*s**2. Give b(i).
10
Let f(h) = -3*h + 5 + 6*h + 3 - 3. Determine f(-4).
-7
Let i(n) = n**2 - 5*n. Suppose 3 = 3*j - 9. Let x be i(j). Let h(l) = -l**3 - 5*l**2 - 3*l + 4. What is h(x)?
0
Suppose 3*h - 7 - 8 = 0. Suppose 2*d - 5 + 0 = -z, h*z = -4*d - 5. Let k(y) = -7 - d*y**2 + 0 + 0*y**2 + y**3. Determine k(5).
-7
Suppose 0 = w - 9 + 5. Let a(h) be the second derivative of h**4/12 - h**3/2 - 2*h**2 - h. What is a(w)?
0
Let r(m) = -m + 1. Let c(n) = -6*n + 6. Let g(v) = 4*c(v) - 22*r(v). Determine g(3).
-4
Let p(c) = -c**2 - 7*c - 4. Let r be 1*(-21)/(6/2). What is p(r)?
-4
Let f(u) = -23*u**2 + 24*u**2 + 9*u**3 - 1 + 0. What is f(-1)?
-9
Let a(m) = -m + 5. Let d(r) = -1. Let h(i) = -2*a(i) - 10*d(i). Calculate h(2).
4
Let j(g) be the first derivative of -g**4/4 + 5*g**3/3 - 2*g**2 + 1. Suppose 3*f = 5*f - 32. Suppose 3*d - f = -d. Calculate j(d).
0
Suppose 4*a + 12 = 2*a. Let q(r) = r**3 + 5*r**2 - 7*r - 2. What is q(a)?
4
Let o = -1028 + 1034. Let s(x) be the second derivative of -x**5/20 + x**4/2 - x**3/6 - x. What is s(o)?
-6
Let y(k) = -3*k**2 - 15*k - 2. Let w(d) = -d**2 - 7*d - 1. Let i(r) = -5*w(r) + 2*y(r). Determine i(5).
1
Let p(z) be the first derivative of 1 + 1/2*z**2 - 3*z. Let f be -1 - -2*1/2. Give p(f).
-3
Let q = -5 - -9. Suppose 0 = -2*k + 6*k + q. Let l(f) = -1 + 1 - 5*f**3. Determine l(k).
5
Suppose 0 = -8*b - 2 + 26. Let k(g) be the third derivative of -2/3*g**3 + 1/12*g**5 + 0*g + 1/8*g**4 + 0 + 1/120*g**6 - b*g**2. What is k(-3)?
5
Let x(q) = 5*q - 3. Let b(f) be the third derivative of -1/4*f**4 + 1/2*f**3 + 0 - 2*f**2 + 0*f. Let y(t) = -6*b(t) - 7*x(t). Give y(-3).
0
Let m(q) = -q**2 - 4*q + 4. Let c be m(-4). Let n(w) = c - 4 + 2*w + 2 - w**2. Let x be 6 - 5 - 5 - -8. What is n(x)?
-6
Let y(v) = v**2 - 1. Let b(j) = -2*j**2 + 6*j + 6. Let r(x) = -b(x) - y(x). Give r(6).
-5
Let y(m) = m**3 + 4*m**2 - 4*m + 4. Let v be y(-5). Let j(o) = -o**3 + o + 1. Let d be j(v). Let p(i) = -i**2 + 2 - d - 3*i + 3 + i**3 - 2. Calculate p(3).
11
Let f(c) = -c**3 + 9*c**2 - 5. Suppose 9 + 0 = s. Let l be f(s). Let v(r) = -r**2 - 3*r + 1. What is v(l)?
-9
Let h(v) = 5*v**2 + v + 3. Let b(n) be the second derivative of -n**5/20 + 3*n**4/4 + n**3/3 + 5*n**2/2 + n. Let a(p) = -4*b(p) + 7*h(p). Give a(1).
3
Suppose 0*x - 2*x = -12. Suppose 10 = n - x*n. Let t be (-4 - n)/(-2) - -3. Let f(a) = a**3 - 3*a**2 - 3*a - 1. Determine f(t).
3
Let t(i) be the first derivative of -i**2/2 - 14*i + 3. Let f be t(-10). Let u(s) = s - 3. Give u(f).
-